 = -2*i + i**2 - 17 + 0*i - i**3 + 2*i**2 + 20. Let z be (1*3)/(6/4). What is the units digit of n(z)?
3
Suppose 2*d = -5*a + 1, -2*d + 2*a + 7 = a. Suppose -d = -i + o, 0*o - 4*o = -8. Suppose -5*z = 3*b - i + 1, 5*z = 5*b - 60. What is the units digit of b?
8
Let r be (-24)/(-132) + (-5548)/22. Let f = -125 - r. What is the hundreds digit of f?
1
Let z = -29 + 32. Let w = 112 + z. What is the tens digit of w?
1
Suppose -2*m + 5*p - 89 = 0, m + 67 = -0*m - 2*p. Let g = 109 + m. What is the tens digit of g?
5
Suppose -6*b - 123 = -9*b. What is the units digit of b?
1
What is the units digit of ((-51)/(-34))/((-12)/(-43864))?
3
Let v = -92 + 96. What is the units digit of (v - 2)/((-3)/(-6))?
4
Suppose 4*b - 5492 = -4*i, -327 + 4450 = 3*i + b. What is the units digit of i?
5
Let l(c) = c - 10. Let y(u) = -1. Let p(h) = 4*l(h) - 36*y(h). Suppose -3*f + 7*f = -s + 32, -3*f + 2*s = -13. What is the tens digit of p(f)?
2
Suppose 1963 = b - 5*p, -2*p - 5857 = -3*b - 3*p. What is the hundreds digit of b?
9
Let y = 23 + -8. Let s = -12 + y. Suppose o = -3*j + 20, s*j = 4*j + 3. What is the tens digit of o?
2
Suppose 3*v - 3627 = -3*a, 3*v + 4*a = 8*v - 6054. What is the tens digit of v?
1
Suppose 2*w + 2*w + 2*c - 28 = 0, -5*c + 20 = 0. Suppose 0 = -a + w*a. Suppose 7*p - 202 - 127 = a. What is the tens digit of p?
4
Suppose 12*x - 651 - 585 = 0. What is the tens digit of x?
0
Suppose 7*u = z + 8*u - 1310, 3*z + u - 3932 = 0. What is the units digit of z?
1
Let s(z) be the first derivative of -1/4*z**4 + 5 - 5*z**2 - 8/3*z**3 - 5*z. What is the units digit of s(-7)?
6
Let v(z) = 2*z**2 - 4*z - 11. Suppose -2*q = -4*n - q + 28, 4*n - 4*q = 16. Let r be v(n). Suppose -2*d - 3*d = -o - r, -2*o = 10. What is the units digit of d?
6
Suppose -q + 116 = -b, q - 2*b = 177 - 60. Suppose v + 45 = 2*z, -v = -5*z + 2*v + q. Suppose 4*m - 4 = z. What is the units digit of m?
6
Suppose 263*l - 210*l - 89517 = 0. What is the hundreds digit of l?
6
Suppose -86 = 2*p - 3*x, 5*p + 2*x + 128 = -125. What is the units digit of p*(2 + -3)*1?
9
Let n = -2898 + 6761. What is the tens digit of n?
6
Let r(c) = 31*c. Let a(v) = 10*v. Let m = 7 + -18. Let n(l) = m*a(l) + 4*r(l). What is the tens digit of n(1)?
1
What is the tens digit of 1652579/341 - 3/11?
4
Suppose 0 = -2*s + 6*s. Suppose s*g + g = -k + 146, 0 = k. What is the tens digit of g?
4
Suppose 2*a + c + 17 = -a, 0 = 4*a - 5*c + 29. Let q = a + -4. Let n = q + 27. What is the tens digit of n?
1
Let a(i) = 117*i + 824. What is the units digit of a(21)?
1
Suppose 3*w - 19 - 11 = 0. Let z be (-8)/12 + (-2)/(-3). Suppose -5*u = -4*l - w*u + 60, z = 3*u + 12. What is the tens digit of l?
2
Suppose 16*z - 430 = 6*z. Suppose -7*o = -1014 - z. What is the hundreds digit of o?
1
Suppose 5*w + 683 = -3*u, -3*u - 3*w - 682 = w. Let n = -114 - u. What is the units digit of n?
2
Let j be ((-46)/(-8))/(1/8). Suppose -76 = 2*o - 21*o. Suppose -o*s + j = -2*s. What is the units digit of s?
3
Let p = 8878 + -4456. What is the tens digit of p?
2
Suppose 4*i = 2*s - 0*i - 4, 4*s + 13 = i. What is the units digit of ((-2)/4)/(s/192)?
4
Let o be 2 + 157 - (-3)/9*-9. What is the hundreds digit of (-5)/10*-2 + o?
1
Let s(y) = -y**3 - y**2 + 10*y + 5. Let k be s(-5). Let d = k + -43. What is the units digit of d?
2
Suppose -2*x + 27 = -5*x. Let f = x - -12. Suppose -2*u = -0*u + 5*i - 33, -f*u + i + 58 = 0. What is the tens digit of u?
1
Suppose 0 = 9*p - 6*p. Suppose v - 7 = -3*x, -3*x - 2*v = -p*x - 2. Suppose -3*u = -x*b + 226, -10 = 4*u - 2. What is the units digit of b?
5
Let m(p) = 230*p - 11. What is the tens digit of m(1)?
1
Let f be (-4)/(-6) - 234/(-54). Suppose -f*y = -4*m + 189, -2*y = 2*m + 3*y - 117. What is the tens digit of m?
5
What is the units digit of 1536 + (16 + -10 - 5)?
7
Suppose 0 = 2*h + 2*h - 1280. Suppose 4*a - 250 - 130 = -4*n, -h = -3*n + 4*a. What is the units digit of n?
0
Suppose 0 = x - 4*y + 5*y + 9, -2*x - 22 = 3*y. Let v be (0 - 1/(-1)) + -66. Let l = x - v. What is the units digit of l?
0
Let a(d) = -d**3 + 4*d**2 - 4*d + 3. Let p = 4 - 1. Let l be a(p). Suppose -5*q - 4*y = -y - 97, 3*y - 12 = l. What is the units digit of q?
7
Let g(p) be the third derivative of -53*p**4/12 + 7*p**3/6 + p**2 + 8. What is the units digit of g(-1)?
3
Suppose 4*f + 3*t - 1838 = 782, 4*f + 5*t = 2628. What is the units digit of f?
2
Let b(t) = 15*t**2 + 59*t + 3. What is the units digit of b(-6)?
9
Suppose -3*j - 8*c + 863 = -12*c, 2*j = 5*c + 580. What is the hundreds digit of j?
2
Let s(r) = 8*r - 35. Let u(t) = -4*t + 17. Let f(y) = 2*s(y) + 5*u(y). What is the units digit of f(-10)?
5
Let g(a) = -a**2 - 13*a - 7. Let l(s) be the first derivative of 2*s**2 - 1. Let n be l(-3). What is the units digit of g(n)?
5
Suppose 113*k - 110*k - 1473 = 0. What is the hundreds digit of k?
4
Let o(n) = -25*n**3 + 6*n - 4. Let q be o(2). Let x = -92 - q. What is the units digit of x?
0
Let t = -28 - -405. What is the hundreds digit of t?
3
Suppose 9275 - 33175 = -25*d. What is the tens digit of d?
5
Suppose 0 = -o + 4*k, -2*o + 7*k - 9*k = 0. Suppose -9*i + 893 = -5*i + j, -i + j + 217 = o. What is the tens digit of i?
2
Suppose -3*u - 30 = 2*u. Let f(c) be the second derivative of c**4/6 + 2*c**3/3 + 6*c**2 - c. What is the units digit of f(u)?
0
Suppose -4*u - 2*t + 386 = 0, 3*t + 2 = 5*t. What is the units digit of u?
6
Let v = -600 - -872. What is the hundreds digit of v?
2
Let v be (-135)/(-9)*(-16)/(-6). Suppose 2*h - v - 18 = 0. What is the units digit of h?
9
Let h(z) be the third derivative of z**4/24 + 13*z**3/2 - 19*z**2. What is the tens digit of h(-8)?
3
Let b(f) = -2*f**3 + 2*f**2 - 4*f + 2. Let i be b(4). Let g = i + 164. What is the units digit of g?
4
Let o = -56 + 41. Let i = 19 + o. Suppose 0 = 2*d - 4*v - 18, -1 + 4 = -3*d - i*v. What is the units digit of d?
3
Let n = 4906 - 3056. What is the tens digit of n?
5
Suppose 0 = 16*h - 755 - 9309. What is the units digit of h?
9
Let i be 6/9 - (-4)/(-6). Suppose -2*q + i*q = -22. Let l = 16 + q. What is the units digit of l?
7
Suppose 2*o - 10 = -3*u, 2*o - 3*u - 1 + 3 = 0. Let a be -1 + o + 2 + 7. Let j = a - 3. What is the units digit of j?
7
Suppose -10*i = -2556 + 486. What is the hundreds digit of i?
2
Suppose 4*k = 171 + 321. Let j = -100 + k. What is the units digit of j?
3
Let p = -1129 + 2330. What is the units digit of p?
1
Suppose 2*k - 13 = -d, -3*k + 4*d + 9 = 2*d. Suppose 0 = z - k*t + 189, -4*z - 741 = -7*t + 2*t. What is the tens digit of (-6)/4*z/12?
2
Let n = 3406 + -1961. What is the units digit of n?
5
Let a(g) = 1. Let l(b) = -107*b**2 - 3*b - 5. Let c(d) = -5*a(d) - l(d). What is the units digit of c(-1)?
4
Suppose 80*z - 315402 - 85318 = 0. What is the units digit of z?
9
Let q = 92 + 2. What is the units digit of q?
4
Let k = -8082 - -11982. What is the units digit of k?
0
Suppose 29*t + 18*t - 203416 = 0. What is the hundreds digit of t?
3
Let t = 48 - 204. Let y = t - -261. What is the tens digit of y?
0
Suppose 10*p - 223 = 187. Let o = 77 - p. What is the units digit of o?
6
Suppose -67*a = -a - 55770. What is the tens digit of a?
4
Suppose 16*n = 79 + 1. Suppose -s + 267 = 4*b - 78, -n*b = 4*s - 445. What is the units digit of b?
5
Let f = 27 + -27. Suppose 0 = 2*l, -g + f*g - l = -7. Let z(j) = 9*j - 16. What is the units digit of z(g)?
7
Suppose -3*w = -3*i - 903, 0*i + i = 3. Suppose -30 = -3*b + 3*x, -2*x = 4*b + 2*x. Suppose -g + 4*g + w = b*a, 4*a = -5*g + 258. What is the tens digit of a?
6
Let z = -5739 - -8236. What is the units digit of z?
7
Let z = -973 - -1411. What is the tens digit of z?
3
Let v = -164 - -269. What is the units digit of v?
5
Suppose 89 = -n - 2*r, -3*r + 8 + 4 = 0. Suppose 5*u + 193 = -547. Let g = n - u. What is the units digit of g?
1
Let p = -27 - -57. Suppose -324 = p*i - 32*i. What is the hundreds digit of i?
1
What is the units digit of (104/(-16) + 7)*710?
5
Let c be ((-4932)/(-27))/(2/6). Suppose 136 = 3*p - 5*q - 285, -4*p + 4*q + c = 0. What is the hundreds digit of p?
1
Suppose 4*j = 3*c - 64, 2*j + 0*c + 10 = -4*c. Let h = 10 + j. What is the units digit of 81/18*(-4)/h?
6
Suppose 0 = -145*j + 131*j + 29344. What is the hundreds digit of j?
0
Let n = 637 - 649. Let s(i) be the first derivativ